{"id":38845,"date":"2024-11-18T12:57:53","date_gmt":"2024-11-18T11:57:53","guid":{"rendered":"https:\/\/dirwabaum.de\/wordpress\/?page_id=38845"},"modified":"2024-11-18T15:13:59","modified_gmt":"2024-11-18T14:13:59","slug":"schaala","status":"publish","type":"page","link":"https:\/\/dirwabaum.de\/wordpress\/suehnekreuze\/thueringen\/schaala\/","title":{"rendered":"Schaala"},"content":{"rendered":"<div class=\"wp-block-image\"><div class='__iawmlf-post-loop-links' style='display:none;' data-iawmlf-post-links='[{&quot;id&quot;:96,&quot;href&quot;:&quot;https:\\\/\\\/maps.app.goo.gl\\\/xcDzGTTYTSn57ARMA&quot;,&quot;archived_href&quot;:&quot;&quot;,&quot;redirect_href&quot;:&quot;&quot;,&quot;checks&quot;:[],&quot;broken&quot;:false,&quot;last_checked&quot;:null,&quot;process&quot;:&quot;done&quot;}]'><\/div>\n<figure class=\"aligncenter size-full\"><img loading=\"lazy\" decoding=\"async\" width=\"635\" height=\"1000\" data-attachment-id=\"38846\" data-permalink=\"https:\/\/dirwabaum.de\/wordpress\/suehnekreuze\/thueringen\/schaala\/suehnekreuz-schaala\/\" data-orig-file=\"https:\/\/dirwabaum.de\/wordpress\/wp-content\/uploads\/2024\/11\/Suehnekreuz-Schaala.jpg\" data-orig-size=\"635,1000\" data-comments-opened=\"1\" data-image-meta=\"{&quot;aperture&quot;:&quot;2.8&quot;,&quot;credit&quot;:&quot;&quot;,&quot;camera&quot;:&quot;iPhone 14 Pro&quot;,&quot;caption&quot;:&quot;&quot;,&quot;created_timestamp&quot;:&quot;1712475664&quot;,&quot;copyright&quot;:&quot;\\u00a9 derbaum&quot;,&quot;focal_length&quot;:&quot;9&quot;,&quot;iso&quot;:&quot;32&quot;,&quot;shutter_speed&quot;:&quot;0.0095238095238095&quot;,&quot;title&quot;:&quot;&quot;,&quot;orientation&quot;:&quot;0&quot;}\" data-image-title=\"Su\u0308hnekreuz Schaala\" data-image-description=\"\" data-image-caption=\"\" data-medium-file=\"https:\/\/dirwabaum.de\/wordpress\/wp-content\/uploads\/2024\/11\/Suehnekreuz-Schaala-191x300.jpg\" data-large-file=\"https:\/\/dirwabaum.de\/wordpress\/wp-content\/uploads\/2024\/11\/Suehnekreuz-Schaala.jpg\" src=\"https:\/\/dirwabaum.de\/wordpress\/wp-content\/uploads\/2024\/11\/Suehnekreuz-Schaala.jpg\" alt=\"\" class=\"wp-image-38846\" srcset=\"https:\/\/dirwabaum.de\/wordpress\/wp-content\/uploads\/2024\/11\/Suehnekreuz-Schaala.jpg 635w, https:\/\/dirwabaum.de\/wordpress\/wp-content\/uploads\/2024\/11\/Suehnekreuz-Schaala-191x300.jpg 191w, https:\/\/dirwabaum.de\/wordpress\/wp-content\/uploads\/2024\/11\/Suehnekreuz-Schaala-95x150.jpg 95w\" sizes=\"auto, (max-width: 635px) 100vw, 635px\" \/><\/figure>\n<\/div>\n\n\n<p class=\"wp-block-paragraph\"><br><\/p>\n\n\n\n<p class=\"wp-block-paragraph\"><br><\/p>\n\n\n<div class=\"wp-block-image\">\n<figure class=\"aligncenter size-full\"><a href=\"https:\/\/dirwabaum.de\/wordpress\/wp-content\/uploads\/2024\/11\/Suehnekreuz-Schaala-2.jpg\"><img loading=\"lazy\" decoding=\"async\" width=\"898\" height=\"1000\" data-attachment-id=\"38850\" data-permalink=\"https:\/\/dirwabaum.de\/wordpress\/suehnekreuze\/thueringen\/schaala\/suehnekreuz-schaala-2\/\" data-orig-file=\"https:\/\/dirwabaum.de\/wordpress\/wp-content\/uploads\/2024\/11\/Suehnekreuz-Schaala-2.jpg\" data-orig-size=\"898,1000\" data-comments-opened=\"1\" data-image-meta=\"{&quot;aperture&quot;:&quot;2.8&quot;,&quot;credit&quot;:&quot;&quot;,&quot;camera&quot;:&quot;iPhone 14 Pro&quot;,&quot;caption&quot;:&quot;&quot;,&quot;created_timestamp&quot;:&quot;1712475723&quot;,&quot;copyright&quot;:&quot;\\u00a9 derbaum&quot;,&quot;focal_length&quot;:&quot;9&quot;,&quot;iso&quot;:&quot;32&quot;,&quot;shutter_speed&quot;:&quot;0.0045454545454545&quot;,&quot;title&quot;:&quot;&quot;,&quot;orientation&quot;:&quot;0&quot;}\" data-image-title=\"Su\u0308hnekreuz Schaala-2\" data-image-description=\"\" data-image-caption=\"\" data-medium-file=\"https:\/\/dirwabaum.de\/wordpress\/wp-content\/uploads\/2024\/11\/Suehnekreuz-Schaala-2-269x300.jpg\" data-large-file=\"https:\/\/dirwabaum.de\/wordpress\/wp-content\/uploads\/2024\/11\/Suehnekreuz-Schaala-2.jpg\" src=\"https:\/\/dirwabaum.de\/wordpress\/wp-content\/uploads\/2024\/11\/Suehnekreuz-Schaala-2.jpg\" alt=\"\" class=\"wp-image-38850\" srcset=\"https:\/\/dirwabaum.de\/wordpress\/wp-content\/uploads\/2024\/11\/Suehnekreuz-Schaala-2.jpg 898w, https:\/\/dirwabaum.de\/wordpress\/wp-content\/uploads\/2024\/11\/Suehnekreuz-Schaala-2-269x300.jpg 269w, https:\/\/dirwabaum.de\/wordpress\/wp-content\/uploads\/2024\/11\/Suehnekreuz-Schaala-2-135x150.jpg 135w, https:\/\/dirwabaum.de\/wordpress\/wp-content\/uploads\/2024\/11\/Suehnekreuz-Schaala-2-768x855.jpg 768w\" sizes=\"auto, (max-width: 898px) 100vw, 898px\" \/><\/a><\/figure>\n<\/div>\n\n\n<p class=\"wp-block-paragraph\"><br>Das Steinkreuz soll nach \u00f6rtlich-m\u00fcndlicher \u00dcberlieferung aus Eichfeld stammen und hat dort neben dem noch vorhandenen Kreuz gestanden. M\u00f6glicherweise wurde es zwischen 1894 und 1907 unter dem Vorwand es im Bach liegend vorgefunden zu haben nach <a href=\"https:\/\/maps.app.goo.gl\/xcDzGTTYTSn57ARMA\">Schaala<\/a> gebracht.<br><\/p>\n\n\n<div class=\"wp-block-image\">\n<figure class=\"aligncenter size-full\"><a href=\"https:\/\/dirwabaum.de\/wordpress\/wp-content\/uploads\/2024\/11\/Suehnekreuz-Schaala-3.jpg\"><img loading=\"lazy\" decoding=\"async\" width=\"768\" height=\"1000\" data-attachment-id=\"38852\" data-permalink=\"https:\/\/dirwabaum.de\/wordpress\/suehnekreuze\/thueringen\/schaala\/suehnekreuz-schaala-3\/\" data-orig-file=\"https:\/\/dirwabaum.de\/wordpress\/wp-content\/uploads\/2024\/11\/Suehnekreuz-Schaala-3.jpg\" data-orig-size=\"768,1000\" data-comments-opened=\"1\" data-image-meta=\"{&quot;aperture&quot;:&quot;1.8&quot;,&quot;credit&quot;:&quot;&quot;,&quot;camera&quot;:&quot;iPhone 14 Pro&quot;,&quot;caption&quot;:&quot;&quot;,&quot;created_timestamp&quot;:&quot;1712475726&quot;,&quot;copyright&quot;:&quot;\\u00a9 derbaum&quot;,&quot;focal_length&quot;:&quot;6.86&quot;,&quot;iso&quot;:&quot;64&quot;,&quot;shutter_speed&quot;:&quot;0.00066666666666667&quot;,&quot;title&quot;:&quot;&quot;,&quot;orientation&quot;:&quot;0&quot;}\" data-image-title=\"Su\u0308hnekreuz Schaala-3\" data-image-description=\"\" data-image-caption=\"\" data-medium-file=\"https:\/\/dirwabaum.de\/wordpress\/wp-content\/uploads\/2024\/11\/Suehnekreuz-Schaala-3-230x300.jpg\" data-large-file=\"https:\/\/dirwabaum.de\/wordpress\/wp-content\/uploads\/2024\/11\/Suehnekreuz-Schaala-3.jpg\" src=\"https:\/\/dirwabaum.de\/wordpress\/wp-content\/uploads\/2024\/11\/Suehnekreuz-Schaala-3.jpg\" alt=\"\" class=\"wp-image-38852\" srcset=\"https:\/\/dirwabaum.de\/wordpress\/wp-content\/uploads\/2024\/11\/Suehnekreuz-Schaala-3.jpg 768w, https:\/\/dirwabaum.de\/wordpress\/wp-content\/uploads\/2024\/11\/Suehnekreuz-Schaala-3-230x300.jpg 230w, https:\/\/dirwabaum.de\/wordpress\/wp-content\/uploads\/2024\/11\/Suehnekreuz-Schaala-3-115x150.jpg 115w\" sizes=\"auto, (max-width: 768px) 100vw, 768px\" \/><\/a><\/figure>\n<\/div>\n\n\n<p class=\"has-text-align-center wp-block-paragraph\"><br>***<br><\/p>\n\n\n\n<p class=\"has-text-align-right wp-block-paragraph\"><a href=\"https:\/\/wp.me\/PIjRS-5Il\">zur\u00fcck<\/a><\/p>\n\n\n\n<p class=\"has-text-align-center wp-block-paragraph\"><br>***<br><\/p>\n","protected":false},"excerpt":{"rendered":"<p>Das Steinkreuz soll nach \u00f6rtlich-m\u00fcndlicher \u00dcberlieferung aus Eichfeld stammen und hat dort neben dem noch vorhandenen Kreuz gestanden. M\u00f6glicherweise wurde es zwischen 1894 und 1907 unter dem Vorwand es im Bach liegend vorgefunden zu haben nach Schaala gebracht.<\/p>\n","protected":false},"author":3,"featured_media":38846,"parent":22753,"menu_order":0,"comment_status":"closed","ping_status":"closed","template":"floating-right-sidebar.php","meta":{"_crdt_document":"","jetpack_post_was_ever_published":false,"activitypub_content_warning":"","activitypub_content_visibility":"","activitypub_max_image_attachments":3,"activitypub_interaction_policy_quote":"anyone","activitypub_status":"federate","footnotes":""},"class_list":["post-38845","page","type-page","status-publish","has-post-thumbnail","hentry"],"yoast_head":"<!-- This site is optimized with the Yoast SEO plugin v27.3 - https:\/\/yoast.com\/product\/yoast-seo-wordpress\/ -->\n<title>Schaala &#8211; DerBaum<\/title>\n<meta name=\"robots\" content=\"index, follow, max-snippet:-1, max-image-preview:large, max-video-preview:-1\" \/>\n<link rel=\"canonical\" href=\"https:\/\/dirwabaum.de\/wordpress\/suehnekreuze\/thueringen\/schaala\/\" \/>\n<meta property=\"og:locale\" content=\"de_DE\" \/>\n<meta property=\"og:type\" content=\"article\" \/>\n<meta property=\"og:title\" content=\"Schaala &#8211; DerBaum\" \/>\n<meta property=\"og:description\" content=\"Das Steinkreuz soll nach \u00f6rtlich-m\u00fcndlicher \u00dcberlieferung aus Eichfeld stammen und hat dort neben dem noch vorhandenen Kreuz gestanden. M\u00f6glicherweise wurde es zwischen 1894 und 1907 unter dem Vorwand es im Bach liegend vorgefunden zu haben nach Schaala gebracht.\" \/>\n<meta property=\"og:url\" content=\"https:\/\/dirwabaum.de\/wordpress\/suehnekreuze\/thueringen\/schaala\/\" \/>\n<meta property=\"og:site_name\" content=\"DerBaum\" \/>\n<meta property=\"article:modified_time\" content=\"2024-11-18T14:13:59+00:00\" \/>\n<meta property=\"og:image\" content=\"https:\/\/dirwabaum.de\/wordpress\/wp-content\/uploads\/2024\/11\/Suehnekreuz-Schaala.jpg\" \/>\n\t<meta property=\"og:image:width\" content=\"635\" \/>\n\t<meta property=\"og:image:height\" content=\"1000\" \/>\n\t<meta property=\"og:image:type\" content=\"image\/jpeg\" \/>\n<meta name=\"twitter:label1\" content=\"Gesch\u00e4tzte Lesezeit\" \/>\n\t<meta name=\"twitter:data1\" content=\"2\u00a0Minuten\" \/>\n<script type=\"application\/ld+json\" class=\"yoast-schema-graph\">{\"@context\":\"https:\\\/\\\/schema.org\",\"@graph\":[{\"@type\":\"WebPage\",\"@id\":\"https:\\\/\\\/dirwabaum.de\\\/wordpress\\\/suehnekreuze\\\/thueringen\\\/schaala\\\/\",\"url\":\"https:\\\/\\\/dirwabaum.de\\\/wordpress\\\/suehnekreuze\\\/thueringen\\\/schaala\\\/\",\"name\":\"Schaala &#8211; DerBaum\",\"isPartOf\":{\"@id\":\"https:\\\/\\\/dirwabaum.de\\\/wordpress\\\/#website\"},\"primaryImageOfPage\":{\"@id\":\"https:\\\/\\\/dirwabaum.de\\\/wordpress\\\/suehnekreuze\\\/thueringen\\\/schaala\\\/#primaryimage\"},\"image\":{\"@id\":\"https:\\\/\\\/dirwabaum.de\\\/wordpress\\\/suehnekreuze\\\/thueringen\\\/schaala\\\/#primaryimage\"},\"thumbnailUrl\":\"https:\\\/\\\/dirwabaum.de\\\/wordpress\\\/wp-content\\\/uploads\\\/2024\\\/11\\\/Suehnekreuz-Schaala.jpg\",\"datePublished\":\"2024-11-18T11:57:53+00:00\",\"dateModified\":\"2024-11-18T14:13:59+00:00\",\"breadcrumb\":{\"@id\":\"https:\\\/\\\/dirwabaum.de\\\/wordpress\\\/suehnekreuze\\\/thueringen\\\/schaala\\\/#breadcrumb\"},\"inLanguage\":\"de\",\"potentialAction\":[{\"@type\":\"ReadAction\",\"target\":[\"https:\\\/\\\/dirwabaum.de\\\/wordpress\\\/suehnekreuze\\\/thueringen\\\/schaala\\\/\"]}]},{\"@type\":\"ImageObject\",\"inLanguage\":\"de\",\"@id\":\"https:\\\/\\\/dirwabaum.de\\\/wordpress\\\/suehnekreuze\\\/thueringen\\\/schaala\\\/#primaryimage\",\"url\":\"https:\\\/\\\/dirwabaum.de\\\/wordpress\\\/wp-content\\\/uploads\\\/2024\\\/11\\\/Suehnekreuz-Schaala.jpg\",\"contentUrl\":\"https:\\\/\\\/dirwabaum.de\\\/wordpress\\\/wp-content\\\/uploads\\\/2024\\\/11\\\/Suehnekreuz-Schaala.jpg\",\"width\":635,\"height\":1000},{\"@type\":\"BreadcrumbList\",\"@id\":\"https:\\\/\\\/dirwabaum.de\\\/wordpress\\\/suehnekreuze\\\/thueringen\\\/schaala\\\/#breadcrumb\",\"itemListElement\":[{\"@type\":\"ListItem\",\"position\":1,\"name\":\"Home\",\"item\":\"https:\\\/\\\/dirwabaum.de\\\/wordpress\\\/\"},{\"@type\":\"ListItem\",\"position\":2,\"name\":\"#s\u00fchnekreuze\",\"item\":\"https:\\\/\\\/dirwabaum.de\\\/wordpress\\\/suehnekreuze\\\/\"},{\"@type\":\"ListItem\",\"position\":3,\"name\":\"Th\u00fcringen\",\"item\":\"https:\\\/\\\/dirwabaum.de\\\/wordpress\\\/suehnekreuze\\\/thueringen\\\/\"},{\"@type\":\"ListItem\",\"position\":4,\"name\":\"Schaala\"}]},{\"@type\":\"WebSite\",\"@id\":\"https:\\\/\\\/dirwabaum.de\\\/wordpress\\\/#website\",\"url\":\"https:\\\/\\\/dirwabaum.de\\\/wordpress\\\/\",\"name\":\"DerBaum\",\"description\":\"...schreibt oder auch nicht\",\"publisher\":{\"@id\":\"https:\\\/\\\/dirwabaum.de\\\/wordpress\\\/#\\\/schema\\\/person\\\/3431c8e9678d7bd4ccd94b76cf14e59f\"},\"potentialAction\":[{\"@type\":\"SearchAction\",\"target\":{\"@type\":\"EntryPoint\",\"urlTemplate\":\"https:\\\/\\\/dirwabaum.de\\\/wordpress\\\/?s={search_term_string}\"},\"query-input\":{\"@type\":\"PropertyValueSpecification\",\"valueRequired\":true,\"valueName\":\"search_term_string\"}}],\"inLanguage\":\"de\"},{\"@type\":[\"Person\",\"Organization\"],\"@id\":\"https:\\\/\\\/dirwabaum.de\\\/wordpress\\\/#\\\/schema\\\/person\\\/3431c8e9678d7bd4ccd94b76cf14e59f\",\"name\":\"der chef\",\"image\":{\"@type\":\"ImageObject\",\"inLanguage\":\"de\",\"@id\":\"https:\\\/\\\/i2.wp.com\\\/dirwabaum.de\\\/wordpress\\\/wp-content\\\/uploads\\\/2020\\\/11\\\/Foto-02.10.11-08-54-32.jpg?fit=1936%2C1936&ssl=1\",\"url\":\"https:\\\/\\\/i2.wp.com\\\/dirwabaum.de\\\/wordpress\\\/wp-content\\\/uploads\\\/2020\\\/11\\\/Foto-02.10.11-08-54-32.jpg?fit=1936%2C1936&ssl=1\",\"contentUrl\":\"https:\\\/\\\/i2.wp.com\\\/dirwabaum.de\\\/wordpress\\\/wp-content\\\/uploads\\\/2020\\\/11\\\/Foto-02.10.11-08-54-32.jpg?fit=1936%2C1936&ssl=1\",\"width\":\"1936\",\"height\":\"1936\",\"caption\":\"der chef\"},\"logo\":{\"@id\":\"https:\\\/\\\/i2.wp.com\\\/dirwabaum.de\\\/wordpress\\\/wp-content\\\/uploads\\\/2020\\\/11\\\/Foto-02.10.11-08-54-32.jpg?fit=1936%2C1936&ssl=1\"},\"description\":\"Tue einfach so als w\u00fcsstest du was du tust!\",\"sameAs\":[\"https:\\\/\\\/x.com\\\/derbaum\"]}]}<\/script>\n<!-- \/ Yoast SEO plugin. -->","yoast_head_json":{"title":"Schaala &#8211; DerBaum","robots":{"index":"index","follow":"follow","max-snippet":"max-snippet:-1","max-image-preview":"max-image-preview:large","max-video-preview":"max-video-preview:-1"},"canonical":"https:\/\/dirwabaum.de\/wordpress\/suehnekreuze\/thueringen\/schaala\/","og_locale":"de_DE","og_type":"article","og_title":"Schaala &#8211; DerBaum","og_description":"Das Steinkreuz soll nach \u00f6rtlich-m\u00fcndlicher \u00dcberlieferung aus Eichfeld stammen und hat dort neben dem noch vorhandenen Kreuz gestanden. M\u00f6glicherweise wurde es zwischen 1894 und 1907 unter dem Vorwand es im Bach liegend vorgefunden zu haben nach Schaala gebracht.","og_url":"https:\/\/dirwabaum.de\/wordpress\/suehnekreuze\/thueringen\/schaala\/","og_site_name":"DerBaum","article_modified_time":"2024-11-18T14:13:59+00:00","og_image":[{"width":635,"height":1000,"url":"https:\/\/dirwabaum.de\/wordpress\/wp-content\/uploads\/2024\/11\/Suehnekreuz-Schaala.jpg","type":"image\/jpeg"}],"twitter_misc":{"Gesch\u00e4tzte Lesezeit":"2\u00a0Minuten"},"schema":{"@context":"https:\/\/schema.org","@graph":[{"@type":"WebPage","@id":"https:\/\/dirwabaum.de\/wordpress\/suehnekreuze\/thueringen\/schaala\/","url":"https:\/\/dirwabaum.de\/wordpress\/suehnekreuze\/thueringen\/schaala\/","name":"Schaala &#8211; DerBaum","isPartOf":{"@id":"https:\/\/dirwabaum.de\/wordpress\/#website"},"primaryImageOfPage":{"@id":"https:\/\/dirwabaum.de\/wordpress\/suehnekreuze\/thueringen\/schaala\/#primaryimage"},"image":{"@id":"https:\/\/dirwabaum.de\/wordpress\/suehnekreuze\/thueringen\/schaala\/#primaryimage"},"thumbnailUrl":"https:\/\/dirwabaum.de\/wordpress\/wp-content\/uploads\/2024\/11\/Suehnekreuz-Schaala.jpg","datePublished":"2024-11-18T11:57:53+00:00","dateModified":"2024-11-18T14:13:59+00:00","breadcrumb":{"@id":"https:\/\/dirwabaum.de\/wordpress\/suehnekreuze\/thueringen\/schaala\/#breadcrumb"},"inLanguage":"de","potentialAction":[{"@type":"ReadAction","target":["https:\/\/dirwabaum.de\/wordpress\/suehnekreuze\/thueringen\/schaala\/"]}]},{"@type":"ImageObject","inLanguage":"de","@id":"https:\/\/dirwabaum.de\/wordpress\/suehnekreuze\/thueringen\/schaala\/#primaryimage","url":"https:\/\/dirwabaum.de\/wordpress\/wp-content\/uploads\/2024\/11\/Suehnekreuz-Schaala.jpg","contentUrl":"https:\/\/dirwabaum.de\/wordpress\/wp-content\/uploads\/2024\/11\/Suehnekreuz-Schaala.jpg","width":635,"height":1000},{"@type":"BreadcrumbList","@id":"https:\/\/dirwabaum.de\/wordpress\/suehnekreuze\/thueringen\/schaala\/#breadcrumb","itemListElement":[{"@type":"ListItem","position":1,"name":"Home","item":"https:\/\/dirwabaum.de\/wordpress\/"},{"@type":"ListItem","position":2,"name":"#s\u00fchnekreuze","item":"https:\/\/dirwabaum.de\/wordpress\/suehnekreuze\/"},{"@type":"ListItem","position":3,"name":"Th\u00fcringen","item":"https:\/\/dirwabaum.de\/wordpress\/suehnekreuze\/thueringen\/"},{"@type":"ListItem","position":4,"name":"Schaala"}]},{"@type":"WebSite","@id":"https:\/\/dirwabaum.de\/wordpress\/#website","url":"https:\/\/dirwabaum.de\/wordpress\/","name":"DerBaum","description":"...schreibt oder auch nicht","publisher":{"@id":"https:\/\/dirwabaum.de\/wordpress\/#\/schema\/person\/3431c8e9678d7bd4ccd94b76cf14e59f"},"potentialAction":[{"@type":"SearchAction","target":{"@type":"EntryPoint","urlTemplate":"https:\/\/dirwabaum.de\/wordpress\/?s={search_term_string}"},"query-input":{"@type":"PropertyValueSpecification","valueRequired":true,"valueName":"search_term_string"}}],"inLanguage":"de"},{"@type":["Person","Organization"],"@id":"https:\/\/dirwabaum.de\/wordpress\/#\/schema\/person\/3431c8e9678d7bd4ccd94b76cf14e59f","name":"der chef","image":{"@type":"ImageObject","inLanguage":"de","@id":"https:\/\/i2.wp.com\/dirwabaum.de\/wordpress\/wp-content\/uploads\/2020\/11\/Foto-02.10.11-08-54-32.jpg?fit=1936%2C1936&ssl=1","url":"https:\/\/i2.wp.com\/dirwabaum.de\/wordpress\/wp-content\/uploads\/2020\/11\/Foto-02.10.11-08-54-32.jpg?fit=1936%2C1936&ssl=1","contentUrl":"https:\/\/i2.wp.com\/dirwabaum.de\/wordpress\/wp-content\/uploads\/2020\/11\/Foto-02.10.11-08-54-32.jpg?fit=1936%2C1936&ssl=1","width":"1936","height":"1936","caption":"der chef"},"logo":{"@id":"https:\/\/i2.wp.com\/dirwabaum.de\/wordpress\/wp-content\/uploads\/2020\/11\/Foto-02.10.11-08-54-32.jpg?fit=1936%2C1936&ssl=1"},"description":"Tue einfach so als w\u00fcsstest du was du tust!","sameAs":["https:\/\/x.com\/derbaum"]}]}},"jetpack_shortlink":"https:\/\/wp.me\/PIjRS-a6x","jetpack_sharing_enabled":true,"_links":{"self":[{"href":"https:\/\/dirwabaum.de\/wordpress\/wp-json\/wp\/v2\/pages\/38845","targetHints":{"allow":["GET"]}}],"collection":[{"href":"https:\/\/dirwabaum.de\/wordpress\/wp-json\/wp\/v2\/pages"}],"about":[{"href":"https:\/\/dirwabaum.de\/wordpress\/wp-json\/wp\/v2\/types\/page"}],"author":[{"embeddable":true,"href":"https:\/\/dirwabaum.de\/wordpress\/wp-json\/wp\/v2\/users\/3"}],"replies":[{"embeddable":true,"href":"https:\/\/dirwabaum.de\/wordpress\/wp-json\/wp\/v2\/comments?post=38845"}],"version-history":[{"count":3,"href":"https:\/\/dirwabaum.de\/wordpress\/wp-json\/wp\/v2\/pages\/38845\/revisions"}],"predecessor-version":[{"id":38855,"href":"https:\/\/dirwabaum.de\/wordpress\/wp-json\/wp\/v2\/pages\/38845\/revisions\/38855"}],"up":[{"embeddable":true,"href":"https:\/\/dirwabaum.de\/wordpress\/wp-json\/wp\/v2\/pages\/22753"}],"wp:featuredmedia":[{"embeddable":true,"href":"https:\/\/dirwabaum.de\/wordpress\/wp-json\/wp\/v2\/media\/38846"}],"wp:attachment":[{"href":"https:\/\/dirwabaum.de\/wordpress\/wp-json\/wp\/v2\/media?parent=38845"}],"curies":[{"name":"wp","href":"https:\/\/api.w.org\/{rel}","templated":true}]}}